 highest common factor of 14 and k?
7
Let l be ((-5 + -6)/11)/(2/(-510)). What is the greatest common factor of 68 and l?
17
Let t = 4 + 0. Suppose t*f = 807 + 689. Suppose -3*m + f = -25. What is the greatest common divisor of 19 and m?
19
Let t(s) = 42*s**2 - 434*s - 38. Let a be t(11). What is the greatest common divisor of 345 and a?
15
Let z(p) = 4*p**2 - 1. Let a be z(1). Let h be 17/a + (-4)/6. Suppose h*g = -g + 1080. What is the greatest common divisor of 18 and g?
18
Let o(x) = 3*x**2 - 44*x - 12. Let f be o(15). Suppose 0 = f*v + 5 - 2. Let a be (-12)/(42/7) - 170/v. Calculate the greatest common factor of a and 24.
24
Let i(p) be the third derivative of -185*p**4/24 + 17*p**3/6 + 7*p**2. Let a be i(-2). Calculate the greatest common factor of a and 9.
9
Let l be ((-12)/(-8))/(3/14). Suppose -440 = 32*a - 1560. Calculate the highest common divisor of l and a.
7
Let q be -8 - (-6)/(48/56). Let h be (-186)/q - (-19 - -21). Let x = -33 - -56. What is the highest common divisor of x and h?
23
Let k = 1036 - 958. What is the greatest common divisor of 52 and k?
26
Let v be (6/4)/((-108)/(-288))*3255/12. What is the highest common factor of v and 868?
217
Let k be (2 - 0)/(30/1335). What is the highest common divisor of 2225 and k?
89
Let d(z) = 8*z + 1496. Let t be d(-166). Let y = -21 - -45. Calculate the highest common divisor of y and t.
24
Suppose -464*x + 7288760 = -88*x. Calculate the highest common factor of x and 5.
5
Let g = 112 + -76. Calculate the highest common factor of 912 and g.
12
Suppose 103*x - 142331 + 8637 = 0. What is the greatest common factor of 154 and x?
22
Suppose 1375 + 883 - 263 = 35*a. Calculate the greatest common factor of a and 437.
19
Suppose -253 = -12*r + 131. Calculate the highest common factor of 2592 and r.
32
Suppose 625 = 34*n - 21. Suppose 18 = j + 4*r, -5*j = -14*r + n*r - 75. What is the highest common factor of 56 and j?
14
Let x be 1 - (168965/(-517) + (-4)/22). What is the highest common factor of 2501 and x?
41
Suppose 237*v = 1632435 + 843249 + 865068. Calculate the highest common divisor of v and 16.
16
Let c(p) = 245*p**3 + 48*p - 47. Let y be c(1). Calculate the greatest common divisor of 574 and y.
82
Let w(d) = d**3 - 4*d**2 - 5*d. Suppose -9*m + 4*m + 25 = 0. Let v be w(m). Let z be (-2 - v/2 - -4)*10. What is the greatest common divisor of 15 and z?
5
Suppose -68776*y - 252 = -68780*y. Calculate the greatest common factor of 45 and y.
9
Let m(z) = -6*z**2 + 59*z + 10. Let v be m(9). What is the highest common factor of 209 and v?
11
Let y be (-168)/(-48)*(-60)/(-14). Let v(s) = -9*s - 39. Suppose 24 = -4*i - 5*p, -p = -0*p. Let a be v(i). What is the greatest common factor of y and a?
15
Suppose 0 = -32*b - 671 + 10399. Calculate the highest common divisor of b and 208.
16
Let a(v) = v**3 - 9*v**2 - 22*v + 4. Let u be a(11). Suppose 0 = -5*w + u + 11. What is the greatest common divisor of w and 15?
3
Let l = 205 + -105. Let x = -30714 - -30739. Calculate the highest common factor of x and l.
25
Suppose 10041 = -107*x + 48561. Calculate the highest common divisor of x and 1110.
30
Let w(p) = -9*p. Let g be w(-1). Let r = 278 + -197. Calculate the greatest common factor of r and g.
9
Suppose -f = p + 158, f = 4*f - 3*p + 450. Let y = 177 + f. What is the highest common divisor of y and 1?
1
Suppose 0 = 178*t - 52*t - 44352. Let i(y) = -7*y**3 + 3*y**2 + 3*y + 2. Let u be i(-2). Calculate the greatest common factor of t and u.
32
Suppose -162*c = -206550 + 17658. What is the greatest common divisor of 176 and c?
22
Suppose -57*l + 52*l = -20. Suppose -l*h - 16 = -4, -q = h - 140. What is the highest common factor of 52 and q?
13
Let t be 1/(-3*(-5)/(-1905)) + 2. Let b = -85 + 38. Let j = b - t. What is the greatest common factor of 26 and j?
26
Let g(f) = 7*f**2 + 186*f + 2829. Let c be g(-33). What is the highest common factor of 42 and c?
6
Let y be (-16 + 1)*(-20 + 27). Let p = y - -105. Suppose 5*z - 33 - 27 = p. Calculate the highest common factor of z and 6.
6
Suppose 0 = 5*o - 8*o + 39. Let y(q) = q**2 - 12*q - 13. Let n be y(o). Suppose -3*g + 11 + 43 = n. Calculate the greatest common divisor of g and 108.
18
Let y = -19 + 21. Let j be 37/((-4403)/(-1088))*14. Calculate the greatest common divisor of y and j.
2
Let d = -75 + 78. Suppose a + 52 - 4 = 0. Let y be (-1)/(-2)*a/(-4). What is the greatest common factor of d and y?
3
Let m(c) = -3*c**3 - 13*c**2 + 9*c - 9. Let a be m(-14). Calculate the highest common divisor of 31 and a.
31
Let k be (32/(-12))/1*(-534)/8. Calculate the greatest common divisor of k and 5874.
178
Let g = 8 - 5. Suppose g*f - 221 + 23 = 0. Let x = 132 + -99. Calculate the greatest common divisor of x and f.
33
Suppose 29*j + 78*j - 9630 = 0. Calculate the highest common factor of 1170 and j.
90
Let i(u) = 76*u + 5. Let f be i(2). Let c = f - 130. Calculate the greatest common divisor of 621 and c.
27
Let x(l) = l**2 - 2*l. Let q be x(-7). Let z = -177 - -195. Calculate the highest common factor of z and q.
9
Let u(v) = -v**3 - 71*v**2 + 292*v + 107. Let t be u(-75). Calculate the highest common factor of 1515 and t.
101
Suppose 0 = 5*t - 2 - 18. Suppose m = -t*m + 80. Let r be (-6 + -14)*(32/5)/(-2). Calculate the highest common factor of r and m.
16
Let r = 38 - 36. Let u be (18*r/(-7))/((-4)/14). Let m(j) = 3*j + 6. Let d be m(7). Calculate the greatest common factor of d and u.
9
Let o be 210/((32 + -42)*(-3)/15). What is the greatest common factor of o and 2835?
105
Suppose 150*i + 3240 = 222*i. Suppose -2*x - 3*h = x - 213, 4*x - 2*h = 308. What is the highest common divisor of x and i?
15
Suppose -479 - 1001 = -14*s - 304. Calculate the greatest common factor of 258 and s.
6
Suppose 86 = 5*s - 4*a, 110*s - 38 = 107*s - a. Suppose -s*b + 3*b = -451. What is the greatest common divisor of b and 697?
41
Let u(n) = n**2 - 89*n - 1083. Let r be u(-11). What is the greatest common factor of r and 79?
1
Suppose -289 = -2*t + 143. Suppose 70 = -8*n - 106. Let q be (-36)/(-6) + -1 - n. What is the highest common factor of t and q?
27
Let l be 1*((-23)/((-161)/308) - -1*6). Suppose 0*s = -s + 60. What is the greatest common divisor of l and s?
10
Let d = -27448 + 27799. What is the highest common divisor of d and 15327?
117
Suppose -14 = -17*b + 54. Suppose 3*o + 2*s + 313 = 975, b*s + 20 = 0. Calculate the highest common divisor of o and 28.
28
Let h = -2388 + 2428. Calculate the greatest common factor of 18160 and h.
40
Suppose -4*l - 17 = 11, -38518 = -3*g - 5*l. What is the greatest common factor of 362 and g?
181
Suppose 25*g - 649 = 476. What is the highest common divisor of g and 35?
5
Let u(p) = -p**3 - 5*p**2 + 218*p + 1102. Let d be u(-5). Suppose x + 3*o - 29 - 13 = 0, 2*o - 44 = -x. What is the highest common divisor of d and x?
12
Suppose -6*t + 380 = 290. Let z = -14 + 2. Let y be (z + 6)*(-90)/4. Calculate the greatest common factor of t and y.
15
Let m(w) = 575*w**3 + w**2 - 8*w - 8. Let r be m(-1). Let g = -489 - r. Calculate the greatest common factor of 170 and g.
85
Let n be 0/(4/(0 - -2)). Suppose -c + 4*x + 48 = n, 11 = -2*x + 1. Let m = -56221 - -56225. What is the greatest common divisor of c and m?
4
Let t be 40/12*(-3)/(-2). Suppose -t*c + 51 = 16. Let o be ((15 - 5)/10)/((2/21)/2). Calculate the greatest common factor of c and o.
7
Let p be 27/(1620/7000) + (44/(-12) - -3). What is the highest common factor of 20764 and p?
116
Let s be 6 + 12/(-4) + -27. Let h be (s/10)/((-120)/11600). Calculate the greatest common divisor of 8 and h.
8
Let s be (34751/(-7316))/((-1)/4 + (-6)/(-28)). Calculate the greatest common factor of s and 175.
7
Let s(g) = 81*g + 927. Let n be s(-7). Calculate the greatest common factor of n and 7740.
180
Let g = -603 - -825. What is the highest common factor of g and 150?
6
Suppose 326 = 5*t - 3*j, t - 91 + 19 = 4*j. Suppose 454 - t = 5*c. What is the highest common divisor of c and 234?
78
Suppose 0 = 5*z + 1 - 156. Let q(x) = -89 - 2*x - 65 + 30 - 3*x. Let o be q(-31). Calculate the greatest common divisor of z and o.
31
Suppose 88*c - 103*c + 780 = 0. Let a be 780/80*32/6. Calculate the highest common divisor of c and a.
52
Suppose 28*n = -173 + 862 + 907. Calculate the greatest common factor of n